 1/3*j**3 + 45. Calculate i(4).
-5
Let s be (-352)/(-36) + ((-2)/(-9) - 0). Let x(n) = 85*n - 86*n + 11 - 9 + 8. Determine x(s).
0
Suppose -39*r - 271*r = 1550. Let y(g) = -g**2 - 6*g - 3. Give y(r).
2
Let t(g) = -2*g**3 - 5*g**2 - 4*g - 2. Suppose 5*z + 52 = -198. Let x be (0 + -1)/(2/(-94)). Let a = x + z. Calculate t(a).
19
Let n(z) = 14*z + 2. Let x be (1 + (-28)/20)*-5. Suppose b + 8 + 2 = -x*h, -5*b = 3*h + 36. Let w(p) = -7*p - 1. Let r(c) = b*n(c) - 11*w(c). Calculate r(1).
-8
Let a(w) = 3*w**2 - 3*w + 11. Let f(i) = -i**2 + i - 18. Let m(t) = -a(t) - 2*f(t). Calculate m(-5).
-5
Suppose -3*w = g - 2, -10*g + 8*g + 4*w + 4 = 0. Let s(c) = 20*c + c**g - 2 + 6*c**2 - 5*c - 13*c. Determine s(2).
30
Let h be (19/4)/(35/(-140)). Let d(n) = -5*n**2 - 2*n - 1. Let b be d(-2). Let s = b - h. Let m(o) = -o**2 - 1. What is m(s)?
-5
Suppose 4*k - 2 = -2*r, 5 = 5*k + r + 4*r. Let l(j) = k*j + 4*j + 6 - 2*j. Let p = 3287 - 3291. Determine l(p).
-2
Let v(r) = 5*r**3 + r**2 - 57. Let m(z) = 6*z**3 + z**2 - 69. Let w(b) = 6*m(b) - 7*v(b). Determine w(0).
-15
Let p(c) = -69 - 30 + 7*c**2 - 52*c - 127*c - 72*c + 59. What is p(36)?
-4
Let h be -1 + -1 + 2 + 3. Let q(i) = -h*i - 3*i - 13 + 14. Suppose 10 = 105*o - 84*o - 32. Calculate q(o).
-11
Let s(l) = -2*l + 11. Suppose 3*m + m - 12 = 0. Suppose 4*j + 3*c = 12, -m*c + 5*c = 4*j - 32. Calculate s(j).
-1
Let k(a) = -3 + 53*a**3 + 58*a**3 - 179*a**3 - 2*a + 69*a**3. Give k(-1).
-2
Let d = 565 - 565. Let h(j) = -3*j - 26. Calculate h(d).
-26
Let c(p) = p + 2136*p**3 - 6*p - 2140*p**3 + 2*p + 2. Give c(2).
-36
Suppose -2*z = 39 + 19. Let a = -190 - -217. Let c = z + a. Let g(o) = -9*o - 3. Give g(c).
15
Let w(l) = l + 12. Let h be w(-8). Suppose -6 + h = c, -3*c - 10 = -2*z. Suppose -4*y + 0*s - 20 = z*s, 2*y + 10 = s. Let g(o) = -o - 6. What is g(y)?
-1
Suppose n - 12 = -2*f, 7*n + 2*f = 2*n + 20. Let c(k) = k + 4*k**2 + 2*k**n - 7*k**2. Calculate c(3).
-6
Let a be (-2)/3 + (-602)/258. Let v(n) = -n**2 + 2*n + 4. Determine v(a).
-11
Let p = 206 + -211. Let z(w) = 6*w**3 + w**2 + 3*w - 12. Let v(h) = 5*h**3 + 2*h**2 + 3*h - 11. Let y(n) = 5*v(n) - 4*z(n). Give y(p).
3
Let t be 1564/184 + (-195)/10. Let q(p) = -2*p - 44. Calculate q(t).
-22
Let b(m) = -4*m - 2. Suppose 29*d = 24*d + 80. Suppose -d = -4*y - 44. Determine b(y).
26
Let v(b) = 91*b - 17. Let y(m) = -25*m. Let t(k) = v(k) + 4*y(k). Determine t(-1).
-8
Let f(d) be the first derivative of d**4/4 - 11*d**3/3 + 17*d**2/2 + 497. Give f(9).
-9
Let a be (-9 + -1)/(1 + 0). Let z(v) be the third derivative of v**6/120 + 3*v**5/20 - 5*v**4/12 - 5*v**3/6 - 6*v**2 + 699. What is z(a)?
-5
Let u(p) be the first derivative of -12*p**2 - 47*p - 924. Determine u(-2).
1
Let d(j) be the third derivative of j**6/360 - j**4/12 - 25*j**3/6 + 4*j**2 + j. Let z(v) be the first derivative of d(v). Give z(-2).
2
Let v(c) = -12*c**3 + 29*c**2 - 18*c - 57. Let f(b) = 19*b**3 - 43*b**2 + 29*b + 89. Let d(p) = 5*f(p) + 8*v(p). Let l be (-50)/(-3) - 6/(-18). Calculate d(l).
6
Let g(w) be the first derivative of -w**4/4 - 2*w**3 - 4*w**2 - 6*w + 106. Calculate g(-4).
-6
Let m = -108 - -110. Let x(l) = -16*l**2 - 12*l**2 - 3*l - 1 + 2*l + 24*l**m. Give x(-2).
-15
Let l(m) = -3*m**2 + 7*m - 4*m + 2*m**2 - 4. Suppose 13*n - 162 + 500 = 0. Let j be 45/(-39) + 4 + (-4)/n. Give l(j).
-4
Let i(f) be the first derivative of 59*f**2/2 + 408*f + 2929. Give i(-7).
-5
Let x(o) = -o**2 + 12*o - 1. Let q = 1020 - 1015. Calculate x(q).
34
Suppose 11*n + 9596 - 9528 = -6*n. Let c(y) = 6*y**2 - 4*y - 3. Calculate c(n).
109
Let n(w) = -w**3 + w**2 + w - 7. Let o(s) = s**2 + 9*s + 2. Let m be o(-9). Let b be m/((-3)/(-2)*4)*0. Calculate n(b).
-7
Let w be 23 + -107 - (5/1 - -1). Let l be (-2*3/5)/((-27)/w). Let g(p) = 7*p - 1. Give g(l).
-29
Let c(q) be the third derivative of q**5/60 + q**4/12 - q**3/3 + 4*q**2. Let k be (1 - 2)/((-150)/(-600)). Calculate c(k).
6
Let x(n) be the third derivative of -n**6/120 - 5*n**5/12 + 7*n**4/8 - 62*n**3/3 + 4*n**2 + 2*n. Let d be x(-26). Let g(f) = f + 8. Determine g(d).
14
Suppose 6051 - 6126 = 15*m. Let r(g) be the second derivative of -1/2*g**4 - 1/20*g**5 + 0 - g - g**3 - 3/2*g**2. Calculate r(m).
2
Let q(p) = 164*p + 184. Let s(j) = -31*j - 37. Let x(b) = 3*q(b) + 16*s(b). Give x(-11).
4
Let f be (5 + 0)/(-29 - 590/(-20)). Let j(d) = d - 18. What is j(f)?
-8
Suppose 0 = 3517*c - 3528*c + 22. Let w(r) = -5*r**2 + r - 4. Calculate w(c).
-22
Suppose 4*f + 12 = 0, p + 2*f + 8 = 2. Let b(k) = 4 + p*k - 9 + 4*k + k**2. Suppose 7 = -a + 2*s, -3*a - 4*s - 4 - 7 = 0. Determine b(a).
0
Let f(p) = -8 + 112*p**2 - 9*p + 97*p**2 - 2*p**3 - 293*p**2 + 3*p**3 + 92*p**2. Let z = -32 - -23. Give f(z).
-8
Let h be -9*12/324*-2. Let a(t) be the first derivative of 6 + 5/2*t**2 + 4*t + h*t**3. Determine a(-3).
7
Suppose 5*r + 5 = 20, 11 = 4*q + r. Let l(f) = -2*f + 3*f**q - 1 - 9*f + 13*f - 1 - f. Give l(-2).
8
Let j(f) = f**3 - 5*f**2 - f - 14. Suppose 0 = -5*u - 4*k + 17, 2*u + 3*k + 108 - 112 = 0. Calculate j(u).
-19
Let r(w) = 58*w + 340. Let n be r(-6). Let a(y) = -2*y - 1. Give a(n).
15
Let f = 5 + -1. Suppose -5*b = -f*b - 4. Let h be (b - -3) + -2 + -2. Let m(w) = -w**2 + 3*w. Give m(h).
0
Let r be (32 - (-3 - -6))*1. Let w(v) = 34*v**2 - 62*v**2 + 5 + r*v**2 - 2*v. Let b(k) = -5*k + 35. Let c be b(6). Determine w(c).
20
Let a(v) = v**2 - 7*v. Suppose t - 15 = 3*s, -5*t - 4*s + 58 = -2*s. Let o(x) = -2*x**2 + 22*x + 27. Let w be o(t). Let h be (1 + w + -3)*6. What is a(h)?
-6
Suppose -6*o = -3*o + 2*o. Suppose -189 = -o*u - 9*u. Suppose 3 = -4*w - u. Let r(a) = a + 6. What is r(w)?
0
Suppose 10*m + 58 = 32*m + 14. Let x(l) = -l**3 + 6*l**2 - 10*l + 6. What is x(m)?
2
Let f(m) = 46*m**2 - 12*m - 3 + 49*m**2 + 38*m**2 - 132*m**2. Let h(l) = -l**3 - 12*l**2 + 13*l + 10. Let g be h(-13). Calculate f(g).
-23
Let o(t) = -15*t**2 + 81*t + 81. Let l be o(-1). Let b(d) = -d**3 - 13*d**2 + 30*d - 19. Determine b(l).
-19
Let b(o) = -4*o + 6. Let m(w) = -7*w + 12. Let x(n) = -5*b(n) + 3*m(n). Suppose -4*l + 0 = 4*h - 24, -3*l + 2 = -h. Suppose h = -7*u + 74. Give x(u).
-4
Let s(f) = 38*f - 157. Let a(h) = 18*h - 78. Let t(j) = -9*a(j) + 4*s(j). What is t(8)?
-6
Suppose -1727972*i + 290 = -1727943*i. Let m(a) = 4*a - 4*a - 3*a + 15. Calculate m(i).
-15
Let a(l) be the second derivative of -l**3/6 + 4*l**2 - l. Suppose 9*s = 256 + 14. Let x be 5/s*6*(2 + -2). Determine a(x).
8
Let q(z) = -z**2 + 19*z - 31. Suppose -2*f - 88 = -7*f + 2*l, 4*f = l + 68. Calculate q(f).
17
Let h(q) = -13*q - 12. Let g(t) = -3*t. Let j be g(-1). Let k(v) = 3 - 7*v - 2 - 4 - j. Let b(a) = 6*h(a) - 11*k(a). Calculate b(7).
-13
Let f(d) = 5*d - 1. Let k(v) = 4*v - 1. Let y(b) = 3*b**3 + 14*b**2 - 5*b - 5. Let q be y(-5). Let m(r) = q*f(r) + 4*k(r). Determine m(-1).
10
Let x(c) = -c**3 - 6*c**2 - 7*c - 5. Let b be ((-36)/6)/(9/(-24)). Suppose 3*r + b = 31. Suppose -f - r*g = 5, 4*f - 3*g + 20 = -0*g. Calculate x(f).
5
Let c(y) = -2*y - 2. Let d(r) = 2*r**2 + 2. Let i be d(0). Let v(t) = 7*t + 12. Let k(h) = i*c(h) + v(h). Calculate k(-6).
-10
Let l = -91 - -92. Let g(f) = -f**3 + 3*f**2 - 28*f + l + 4*f**2 + 35*f. Calculate g(8).
-7
Let i be (-33552)/(-2088) - 4/58. Let n(x) = x - 22. What is n(i)?
-6
Let m = 2 - 2. Let o be (-8)/(-6)*1062/472. Suppose u - o - 5 = m. Let c(w) = 3*w - 12. Determine c(u).
12
Let a be 1/(-7 - 2 - -8). Let t(s) = -58*s**3 - 1. What is t(a)?
57
Let z(r) = 74*r - 147. Let l be z(2). Let b be (2 + -3)/(-3)*9. Let p(g) = 3*g**2 + 2 - g - 1 - 2*g**2 + 2*g**b. Calculate p(l).
3
Let c(n) be the first derivative of 4*n**3 - 69 - 6*n**2 + 1/4*n**4 + 13*n. Calculate c(-13).
0
Let q(j) = -3*j**2 - 9*j - 16. Let i(x) = -8*x**2 - 20*x - 32. Let a(z) = 2*i(z) - 5*q(z). What is a(8)?
-8
Let s(p) = -4*p - 5. Let y(v) = 48*v + 388. Let o be y(-8). Suppose q - o*i = 5, -q + 3*i + 3 = -2. Calculate s(q).
-25
Let n(v) = 2*v**3 + v**2 - 4*v - 3. Let h be (-4)/10*(-1 + -4). Suppose 0 = -4*q - h*f - 16, 0*q + 4*q + 40 = 4*f. Let w be -1 - -2 - (9 + q). Calculate n(w).
-7
Suppose 0 = 2*l - 4 + 2. Let t be (-3 + l - -4) + -2. Let o(b) = -b**3 + b - 6. Let z be o(t). Let s(v) = v + 7. Give s(z).
1
Let z(k) = -3*k - 12*k**2 - k - 3 + 14*k**2 + 3 + k**3. Let n(y) = -y - 1. Let c be n(-4). Suppose 